{"id":115,"date":"2012-06-14T07:39:53","date_gmt":"2012-06-14T07:39:53","guid":{"rendered":"http:\/\/proteaslapalma.com\/?page_id=115"},"modified":"2023-09-01T08:57:04","modified_gmt":"2023-09-01T08:57:04","slug":"die-kooperative","status":"publish","type":"page","link":"https:\/\/proteaslapalma.com\/de\/","title":{"rendered":"DIE KOOPERATIVE"},"content":{"rendered":"<p>[vc_row][vc_column][rev_slider_vc alias=&#8220;slide-home-aleman&#8220;][\/vc_column][\/vc_row][vc_row][vc_column][vc_empty_space height=&#8220;50px&#8220;][\/vc_column][\/vc_row][vc_row][vc_column width=&#8220;1\/6&#8243;][\/vc_column][vc_column width=&#8220;2\/3&#8243;][vc_column_text]<\/p>\n<h2 style=\"text-align: center;\">Die Kooperative<\/h2>\n<p>[\/vc_column_text][vc_empty_space height=&#8220;50px&#8220;][vc_column_text]<\/p>\n<p style=\"text-align: justify;\">Die Kooperative <b>Proteas de La Palma<\/b> wurde im Jahr <b>2002<\/b> mit Sitz in Bre\u00f1a Alta <b>gegr\u00fcndet<\/b>. Aktuell z\u00e4hlt sie <b>80 Mitglieder<\/b>, dies stellt gleichzeitig die Gesamtheit der Proteenz\u00fcchter der Insel dar. Sie widmet sich ausschliesslich der <b>Produktion und Vermarktung<\/b> von Schnittblumen der Gattung <b>Protea<\/b>, deren Anbaugebiete \u00fcber die mittleren Lagen der Insel La Palma verteilt sind. Die Produktion konnte seit Gr\u00fcndung der Kooperative stetig gesteigert werden, ausgehend von 125.000 exportierten Exemplaren bis zu 1.200.000 St\u00fcck die f\u00fcr die Saison 2018\/19 erwartet werden. Dies erm\u00f6glicht die Einstellung von 12 zus\u00e4tzlichen Mitarbeitern zur Erntezeit.<\/p>\n<p style=\"text-align: justify;\">hohe Erfahrung auf ihrem Gebiet, sie konnte sich dadurch als eine der gr\u00f6\u00dften Unternehmungen sowohl national als auch international etablieren. Dies wurde nicht nur durch die hohen Exportziffern erreicht, sondern auch durch die <b>ausserordentlich hohe Qualit\u00e4t<\/b> der Produkte, unterst\u00fctzt.<\/p>\n<p>[\/vc_column_text][vc_empty_space height=&#8220;50px&#8220;][vc_video link=&#8220;https:\/\/youtu.be\/I4i3mlAqDUY&#8220;][\/vc_column][vc_column width=&#8220;1\/6&#8243;][\/vc_column][\/vc_row][vc_row][vc_column width=&#8220;1\/6&#8243;][vc_single_image image=&#8220;2991&#8243; img_size=&#8220;full&#8220;][\/vc_column][vc_column width=&#8220;5\/6&#8243;][vc_column_text]<\/p>\n<h4>UNA MANERA DE HACER EUROPA<\/h4>\n<p>PROTEAS LA PALMA (PR\u00d3TEAS LA PALMA, SDAD.COOP.) architects within the framework of the Export Initiation Program of ICEX, has had the support of ICEX and with the co-financing of the European FEDER fund. The purpose of this support is to contribute to the international development of the company and its environment.[\/vc_column_text][\/vc_column][\/vc_row][vc_row][vc_column][vc_column_text]<\/p>\n<div align=\"justify\"><\/div>\n<p>[\/vc_column_text][\/vc_column][\/vc_row]<\/p>\n","protected":false},"excerpt":{"rendered":"<p>[vc_row][vc_column][rev_slider_vc alias=&#8220;slide-home-aleman&#8220;][\/vc_column][\/vc_row][vc_row][vc_column][vc_empty_space height=&#8220;50px&#8220;][\/vc_column][\/vc_row][vc_row][vc_column width=&#8220;1\/6&#8243;][\/vc_column][vc_column width=&#8220;2\/3&#8243;][vc_column_text] Die Kooperative [\/vc_column_text][vc_empty_space height=&#8220;50px&#8220;][vc_column_text] Die Kooperative Proteas de La Palma wurde im Jahr 2002 mit Sitz in Bre\u00f1a Alta gegr\u00fcndet. Aktuell z\u00e4hlt sie 80 Mitglieder, dies stellt gleichzeitig die Gesamtheit der Proteenz\u00fcchter der Insel dar. Sie widmet sich ausschliesslich der Produktion und Vermarktung von Schnittblumen der Gattung Protea, deren Anbaugebiete&nbsp;<\/p>\n","protected":false},"author":1,"featured_media":0,"parent":0,"menu_order":0,"comment_status":"open","ping_status":"open","template":"homepage-default.php","meta":[],"yoast_head":"<!-- This site is optimized with the Yoast SEO plugin v19.4 - https:\/\/yoast.com\/wordpress\/plugins\/seo\/ -->\n<title>DIE KOOPERATIVE - Proteas La Palma<\/title>\n<meta name=\"robots\" content=\"index, follow, max-snippet:-1, max-image-preview:large, max-video-preview:-1\" \/>\n<link rel=\"canonical\" href=\"https:\/\/proteaslapalma.com\/de\/\" \/>\n<meta property=\"og:locale\" content=\"de_DE\" \/>\n<meta property=\"og:type\" content=\"article\" \/>\n<meta property=\"og:title\" content=\"DIE KOOPERATIVE - Proteas La Palma\" \/>\n<meta property=\"og:description\" content=\"[vc_row][vc_column][rev_slider_vc alias=&#8220;slide-home-aleman&#8220;][\/vc_column][\/vc_row][vc_row][vc_column][vc_empty_space height=&#8220;50px&#8220;][\/vc_column][\/vc_row][vc_row][vc_column width=&#8220;1\/6&#8243;][\/vc_column][vc_column width=&#8220;2\/3&#8243;][vc_column_text] Die Kooperative [\/vc_column_text][vc_empty_space height=&#8220;50px&#8220;][vc_column_text] Die Kooperative Proteas de La Palma wurde im Jahr 2002 mit Sitz in Bre\u00f1a Alta gegr\u00fcndet. Aktuell z\u00e4hlt sie 80 Mitglieder, dies stellt gleichzeitig die Gesamtheit der Proteenz\u00fcchter der Insel dar. Sie widmet sich ausschliesslich der Produktion und Vermarktung von Schnittblumen der Gattung Protea, deren Anbaugebiete&nbsp;\" \/>\n<meta property=\"og:url\" content=\"https:\/\/proteaslapalma.com\/de\/\" \/>\n<meta property=\"og:site_name\" content=\"Proteas La Palma\" \/>\n<meta property=\"article:modified_time\" content=\"2023-09-01T08:57:04+00:00\" \/>\n<meta name=\"twitter:card\" content=\"summary_large_image\" \/>\n<meta name=\"twitter:label1\" content=\"Gesch\u00e4tzte Lesezeit\" \/>\n\t<meta name=\"twitter:data1\" content=\"1\u00a0Minute\" \/>\n<script type=\"application\/ld+json\" class=\"yoast-schema-graph\">{\"@context\":\"https:\/\/schema.org\",\"@graph\":[{\"@type\":\"WebSite\",\"@id\":\"https:\/\/proteaslapalma.com\/#website\",\"url\":\"https:\/\/proteaslapalma.com\/\",\"name\":\"Proteas La Palma\",\"description\":\"Pr\u00f3teas de la Palma cooperativa de la Isla de La Palma, Canarias\",\"potentialAction\":[{\"@type\":\"SearchAction\",\"target\":{\"@type\":\"EntryPoint\",\"urlTemplate\":\"https:\/\/proteaslapalma.com\/?s={search_term_string}\"},\"query-input\":\"required name=search_term_string\"}],\"inLanguage\":\"de\"},{\"@type\":\"WebPage\",\"@id\":\"https:\/\/proteaslapalma.com\/de\/\",\"url\":\"https:\/\/proteaslapalma.com\/de\/\",\"name\":\"DIE KOOPERATIVE - Proteas La Palma\",\"isPartOf\":{\"@id\":\"https:\/\/proteaslapalma.com\/#website\"},\"datePublished\":\"2012-06-14T07:39:53+00:00\",\"dateModified\":\"2023-09-01T08:57:04+00:00\",\"breadcrumb\":{\"@id\":\"https:\/\/proteaslapalma.com\/de\/#breadcrumb\"},\"inLanguage\":\"de\",\"potentialAction\":[{\"@type\":\"ReadAction\",\"target\":[\"https:\/\/proteaslapalma.com\/de\/\"]}]},{\"@type\":\"BreadcrumbList\",\"@id\":\"https:\/\/proteaslapalma.com\/de\/#breadcrumb\",\"itemListElement\":[{\"@type\":\"ListItem\",\"position\":1,\"name\":\"Portada\",\"item\":\"https:\/\/proteaslapalma.com\/de\/\"},{\"@type\":\"ListItem\",\"position\":2,\"name\":\"DIE KOOPERATIVE\"}]}]}<\/script>\n<!-- \/ Yoast SEO plugin. -->","yoast_head_json":{"title":"DIE KOOPERATIVE - Proteas La Palma","robots":{"index":"index","follow":"follow","max-snippet":"max-snippet:-1","max-image-preview":"max-image-preview:large","max-video-preview":"max-video-preview:-1"},"canonical":"https:\/\/proteaslapalma.com\/de\/","og_locale":"de_DE","og_type":"article","og_title":"DIE KOOPERATIVE - Proteas La Palma","og_description":"[vc_row][vc_column][rev_slider_vc alias=&#8220;slide-home-aleman&#8220;][\/vc_column][\/vc_row][vc_row][vc_column][vc_empty_space height=&#8220;50px&#8220;][\/vc_column][\/vc_row][vc_row][vc_column width=&#8220;1\/6&#8243;][\/vc_column][vc_column width=&#8220;2\/3&#8243;][vc_column_text] Die Kooperative [\/vc_column_text][vc_empty_space height=&#8220;50px&#8220;][vc_column_text] Die Kooperative Proteas de La Palma wurde im Jahr 2002 mit Sitz in Bre\u00f1a Alta gegr\u00fcndet. Aktuell z\u00e4hlt sie 80 Mitglieder, dies stellt gleichzeitig die Gesamtheit der Proteenz\u00fcchter der Insel dar. Sie widmet sich ausschliesslich der Produktion und Vermarktung von Schnittblumen der Gattung Protea, deren Anbaugebiete&nbsp;","og_url":"https:\/\/proteaslapalma.com\/de\/","og_site_name":"Proteas La Palma","article_modified_time":"2023-09-01T08:57:04+00:00","twitter_card":"summary_large_image","twitter_misc":{"Gesch\u00e4tzte Lesezeit":"1\u00a0Minute"},"schema":{"@context":"https:\/\/schema.org","@graph":[{"@type":"WebSite","@id":"https:\/\/proteaslapalma.com\/#website","url":"https:\/\/proteaslapalma.com\/","name":"Proteas La Palma","description":"Pr\u00f3teas de la Palma cooperativa de la Isla de La Palma, Canarias","potentialAction":[{"@type":"SearchAction","target":{"@type":"EntryPoint","urlTemplate":"https:\/\/proteaslapalma.com\/?s={search_term_string}"},"query-input":"required name=search_term_string"}],"inLanguage":"de"},{"@type":"WebPage","@id":"https:\/\/proteaslapalma.com\/de\/","url":"https:\/\/proteaslapalma.com\/de\/","name":"DIE KOOPERATIVE - Proteas La Palma","isPartOf":{"@id":"https:\/\/proteaslapalma.com\/#website"},"datePublished":"2012-06-14T07:39:53+00:00","dateModified":"2023-09-01T08:57:04+00:00","breadcrumb":{"@id":"https:\/\/proteaslapalma.com\/de\/#breadcrumb"},"inLanguage":"de","potentialAction":[{"@type":"ReadAction","target":["https:\/\/proteaslapalma.com\/de\/"]}]},{"@type":"BreadcrumbList","@id":"https:\/\/proteaslapalma.com\/de\/#breadcrumb","itemListElement":[{"@type":"ListItem","position":1,"name":"Portada","item":"https:\/\/proteaslapalma.com\/de\/"},{"@type":"ListItem","position":2,"name":"DIE KOOPERATIVE"}]}]}},"_links":{"self":[{"href":"https:\/\/proteaslapalma.com\/de\/wp-json\/wp\/v2\/pages\/115"}],"collection":[{"href":"https:\/\/proteaslapalma.com\/de\/wp-json\/wp\/v2\/pages"}],"about":[{"href":"https:\/\/proteaslapalma.com\/de\/wp-json\/wp\/v2\/types\/page"}],"author":[{"embeddable":true,"href":"https:\/\/proteaslapalma.com\/de\/wp-json\/wp\/v2\/users\/1"}],"replies":[{"embeddable":true,"href":"https:\/\/proteaslapalma.com\/de\/wp-json\/wp\/v2\/comments?post=115"}],"version-history":[{"count":1,"href":"https:\/\/proteaslapalma.com\/de\/wp-json\/wp\/v2\/pages\/115\/revisions"}],"predecessor-version":[{"id":2999,"href":"https:\/\/proteaslapalma.com\/de\/wp-json\/wp\/v2\/pages\/115\/revisions\/2999"}],"wp:attachment":[{"href":"https:\/\/proteaslapalma.com\/de\/wp-json\/wp\/v2\/media?parent=115"}],"curies":[{"name":"wp","href":"https:\/\/api.w.org\/{rel}","templated":true}]}}

<p>[vc_row][vc_column][rev_slider_vc alias=&#8220;slide-home-aleman&#8220;][/vc_column][/vc_row][vc_row][vc_column][vc_empty_space height=&#8220;50px&#8220;][/vc_column][/vc_row][vc_row][vc_column width=&#8220;1/6&#8243;][/vc_column][vc_column width=&#8220;2/3&#8243;][vc_column_text]</p>
<h2 style="text-align: center;">Die Kooperative</h2>
<p>[/vc_column_text][vc_empty_space height=&#8220;50px&#8220;][vc_column_text]</p>
<p style="text-align: justify;">Die Kooperative <b>Proteas de La Palma</b> wurde im Jahr <b>2002</b> mit Sitz in Breña Alta <b>gegründet</b>. Aktuell zählt sie <b>80 Mitglieder</b>, dies stellt gleichzeitig die Gesamtheit der Proteenzüchter der Insel dar. Sie widmet sich ausschliesslich der <b>Produktion und Vermarktung</b> von Schnittblumen der Gattung <b>Protea</b>, deren Anbaugebiete über die mittleren Lagen der Insel La Palma verteilt sind. Die Produktion konnte seit Gründung der Kooperative stetig gesteigert werden, ausgehend von 125.000 exportierten Exemplaren bis zu 1.200.000 Stück die für die Saison 2018/19 erwartet werden. Dies ermöglicht die Einstellung von 12 zusätzlichen Mitarbeitern zur Erntezeit.</p>
<p style="text-align: justify;">hohe Erfahrung auf ihrem Gebiet, sie konnte sich dadurch als eine der größten Unternehmungen sowohl national als auch international etablieren. Dies wurde nicht nur durch die hohen Exportziffern erreicht, sondern auch durch die <b>ausserordentlich hohe Qualität</b> der Produkte, unterstützt.</p>
<p>[/vc_column_text][vc_empty_space height=&#8220;50px&#8220;][vc_video link=&#8220;https://youtu.be/I4i3mlAqDUY&#8220;][/vc_column][vc_column width=&#8220;1/6&#8243;][/vc_column][/vc_row][vc_row][vc_column width=&#8220;1/6&#8243;][vc_single_image image=&#8220;2991&#8243; img_size=&#8220;full&#8220;][/vc_column][vc_column width=&#8220;5/6&#8243;][vc_column_text]</p>
<h4>UNA MANERA DE HACER EUROPA</h4>
<p>PROTEAS LA PALMA (PRÓTEAS LA PALMA, SDAD.COOP.) architects within the framework of the Export Initiation Program of ICEX, has had the support of ICEX and with the co-financing of the European FEDER fund. The purpose of this support is to contribute to the international development of the company and its environment.[/vc_column_text][/vc_column][/vc_row][vc_row][vc_column][vc_column_text]</p>
<div align="justify"></div>
<p>[/vc_column_text][/vc_column][/vc_row]</p>

<p>[vc_row][vc_column][rev_slider_vc alias=&#8220;slide-home-aleman&#8220;][/vc_column][/vc_row][vc_row][vc_column][vc_empty_space height=&#8220;50px&#8220;][/vc_column][/vc_row][vc_row][vc_column width=&#8220;1/6&#8243;][/vc_column][vc_column width=&#8220;2/3&#8243;][vc_column_text] Die Kooperative [/vc_column_text][vc_empty_space height=&#8220;50px&#8220;][vc_column_text] Die Kooperative Proteas de La Palma wurde im Jahr 2002 mit Sitz in Breña Alta gegründet. Aktuell zählt sie 80 Mitglieder, dies stellt gleichzeitig die Gesamtheit der Proteenzüchter der Insel dar. Sie widmet sich ausschliesslich der Produktion und Vermarktung von Schnittblumen der Gattung Protea, deren Anbaugebiete&nbsp;</p>

<!-- This site is optimized with the Yoast SEO plugin v19.4 - https://yoast.com/wordpress/plugins/seo/ -->
<title>DIE KOOPERATIVE - Proteas La Palma</title>
<meta name="robots" content="index, follow, max-snippet:-1, max-image-preview:large, max-video-preview:-1" />
<link rel="canonical" href="https://proteaslapalma.com/de/" />
<meta property="og:locale" content="de_DE" />
<meta property="og:type" content="article" />
<meta property="og:title" content="DIE KOOPERATIVE - Proteas La Palma" />
<meta property="og:description" content="[vc_row][vc_column][rev_slider_vc alias=&#8220;slide-home-aleman&#8220;][/vc_column][/vc_row][vc_row][vc_column][vc_empty_space height=&#8220;50px&#8220;][/vc_column][/vc_row][vc_row][vc_column width=&#8220;1/6&#8243;][/vc_column][vc_column width=&#8220;2/3&#8243;][vc_column_text] Die Kooperative [/vc_column_text][vc_empty_space height=&#8220;50px&#8220;][vc_column_text] Die Kooperative Proteas de La Palma wurde im Jahr 2002 mit Sitz in Breña Alta gegründet. Aktuell zählt sie 80 Mitglieder, dies stellt gleichzeitig die Gesamtheit der Proteenzüchter der Insel dar. Sie widmet sich ausschliesslich der Produktion und Vermarktung von Schnittblumen der Gattung Protea, deren Anbaugebiete&nbsp;" />
<meta property="og:url" content="https://proteaslapalma.com/de/" />
<meta property="og:site_name" content="Proteas La Palma" />
<meta property="article:modified_time" content="2023-09-01T08:57:04+00:00" />
<meta name="twitter:card" content="summary_large_image" />
<meta name="twitter:label1" content="Geschätzte Lesezeit" />
	<meta name="twitter:data1" content="1 Minute" />
<script type="application/ld+json" class="yoast-schema-graph">{"@context":"https://schema.org","@graph":[{"@type":"WebSite","@id":"https://proteaslapalma.com/#website","url":"https://proteaslapalma.com/","name":"Proteas La Palma","description":"Próteas de la Palma cooperativa de la Isla de La Palma, Canarias","potentialAction":[{"@type":"SearchAction","target":{"@type":"EntryPoint","urlTemplate":"https://proteaslapalma.com/?s={search_term_string}"},"query-input":"required name=search_term_string"}],"inLanguage":"de"},{"@type":"WebPage","@id":"https://proteaslapalma.com/de/","url":"https://proteaslapalma.com/de/","name":"DIE KOOPERATIVE - Proteas La Palma","isPartOf":{"@id":"https://proteaslapalma.com/#website"},"datePublished":"2012-06-14T07:39:53+00:00","dateModified":"2023-09-01T08:57:04+00:00","breadcrumb":{"@id":"https://proteaslapalma.com/de/#breadcrumb"},"inLanguage":"de","potentialAction":[{"@type":"ReadAction","target":["https://proteaslapalma.com/de/"]}]},{"@type":"BreadcrumbList","@id":"https://proteaslapalma.com/de/#breadcrumb","itemListElement":[{"@type":"ListItem","position":1,"name":"Portada","item":"https://proteaslapalma.com/de/"},{"@type":"ListItem","position":2,"name":"DIE KOOPERATIVE"}]}]}</script>
<!-- / Yoast SEO plugin. -->

[vc_row][vc_column][rev_slider_vc alias=&#8220;slide-home-aleman&#8220;][/vc_column][/vc_row][vc_row][vc_column][vc_empty_space height=&#8220;50px&#8220;][/vc_column][/vc_row][vc_row][vc_column width=&#8220;1/6&#8243;][/vc_column][vc_column width=&#8220;2/3&#8243;][vc_column_text] Die Kooperative [/vc_column_text][vc_empty_space height=&#8220;50px&#8220;][vc_column_text] Die Kooperative Proteas de La Palma wurde im Jahr 2002 mit Sitz in Breña Alta gegründet. Aktuell zählt sie 80 Mitglieder, dies stellt gleichzeitig die Gesamtheit der Proteenzüchter der Insel dar. Sie widmet sich ausschliesslich der Produktion und Vermarktung von Schnittblumen der Gattung Protea, deren Anbaugebiete&nbsp;

Próteas de la Palma cooperativa de la Isla de La Palma, Canarias
