{"version":"1.0","provider_name":"Proteas La Palma","provider_url":"https:\/\/proteaslapalma.com\/de\/","author_name":"admin","author_url":"https:\/\/proteaslapalma.com\/de\/author\/admin\/","title":"DIE KOOPERATIVE - Proteas La Palma","type":"rich","width":600,"height":338,"html":"<blockquote class=\"wp-embedded-content\" data-secret=\"sEuaIAtr1c\"><a href=\"https:\/\/proteaslapalma.com\/de\/\">DIE KOOPERATIVE<\/a><\/blockquote><iframe sandbox=\"allow-scripts\" security=\"restricted\" src=\"https:\/\/proteaslapalma.com\/de\/embed\/#?secret=sEuaIAtr1c\" width=\"600\" height=\"338\" title=\"&#8222;DIE KOOPERATIVE&#8220; &#8211; Proteas La Palma\" data-secret=\"sEuaIAtr1c\" frameborder=\"0\" marginwidth=\"0\" marginheight=\"0\" scrolling=\"no\" class=\"wp-embedded-content\"><\/iframe><script type=\"text\/javascript\">\n\/*! This file is auto-generated *\/\n!function(d,l){\"use strict\";var e=!1,o=!1;if(l.querySelector)if(d.addEventListener)e=!0;if(d.wp=d.wp||{},!d.wp.receiveEmbedMessage)if(d.wp.receiveEmbedMessage=function(e){var t=e.data;if(t)if(t.secret||t.message||t.value)if(!\/[^a-zA-Z0-9]\/.test(t.secret)){for(var r,a,i,s=l.querySelectorAll('iframe[data-secret=\"'+t.secret+'\"]'),n=l.querySelectorAll('blockquote[data-secret=\"'+t.secret+'\"]'),o=new RegExp(\"^https?:$\",\"i\"),c=0;c<n.length;c++)n[c].style.display=\"none\";for(c=0;c<s.length;c++)if(r=s[c],e.source===r.contentWindow){if(r.removeAttribute(\"style\"),\"height\"===t.message){if(1e3<(i=parseInt(t.value,10)))i=1e3;else if(~~i<200)i=200;r.height=i}if(\"link\"===t.message)if(a=l.createElement(\"a\"),i=l.createElement(\"a\"),a.href=r.getAttribute(\"src\"),i.href=t.value,o.test(i.protocol))if(i.host===a.host)if(l.activeElement===r)d.top.location.href=t.value}}},e)d.addEventListener(\"message\",d.wp.receiveEmbedMessage,!1),l.addEventListener(\"DOMContentLoaded\",t,!1),d.addEventListener(\"load\",t,!1);function t(){if(!o){o=!0;for(var e,t,r,a=-1!==navigator.appVersion.indexOf(\"MSIE 10\"),i=!!navigator.userAgent.match(\/Trident.*rv:11\\.\/),s=l.querySelectorAll(\"iframe.wp-embedded-content\"),n=0;n<s.length;n++){if(!(r=(t=s[n]).getAttribute(\"data-secret\")))r=Math.random().toString(36).substr(2,10),t.src+=\"#?secret=\"+r,t.setAttribute(\"data-secret\",r);if(a||i)(e=t.cloneNode(!0)).removeAttribute(\"security\"),t.parentNode.replaceChild(e,t);t.contentWindow.postMessage({message:\"ready\",secret:r},\"*\")}}}}(window,document);\n<\/script>\n","description":"[vc_row][vc_column][rev_slider_vc alias=&#8220;slide-home-aleman&#8220;][\/vc_column][\/vc_row][vc_row][vc_column][vc_empty_space height=&#8220;50px&#8220;][\/vc_column][\/vc_row][vc_row][vc_column width=&#8220;1\/6&#8243;][\/vc_column][vc_column width=&#8220;2\/3&#8243;][vc_column_text] Die Kooperative [\/vc_column_text][vc_empty_space height=&#8220;50px&#8220;][vc_column_text] Die Kooperative Proteas de La Palma wurde im Jahr 2002 mit Sitz in Bre\u00f1a Alta gegr\u00fcndet. Aktuell z\u00e4hlt sie 80 Mitglieder, dies stellt gleichzeitig die Gesamtheit der Proteenz\u00fcchter der Insel dar. Sie widmet sich ausschliesslich der Produktion und Vermarktung von Schnittblumen der Gattung Protea, deren Anbaugebiete&nbsp;"}

[vc_row][vc_column][rev_slider_vc alias=&#8220;slide-home-aleman&#8220;][/vc_column][/vc_row][vc_row][vc_column][vc_empty_space height=&#8220;50px&#8220;][/vc_column][/vc_row][vc_row][vc_column width=&#8220;1/6&#8243;][/vc_column][vc_column width=&#8220;2/3&#8243;][vc_column_text] Die Kooperative [/vc_column_text][vc_empty_space height=&#8220;50px&#8220;][vc_column_text] Die Kooperative Proteas de La Palma wurde im Jahr 2002 mit Sitz in Breña Alta gegründet. Aktuell zählt sie 80 Mitglieder, dies stellt gleichzeitig die Gesamtheit der Proteenzüchter der Insel dar. Sie widmet sich ausschliesslich der Produktion und Vermarktung von Schnittblumen der Gattung Protea, deren Anbaugebiete&nbsp;
